1
In base 15, what is 2 + 740?
742
In base 3, what is -1012001 + 0?
-1012001
In base 8, what is 5 - -114?
121
In base 16, what is da + -1?
d9
In base 13, what is 4 - -49?
50
In base 9, what is -38 + -2?
-41
In base 16, what is 5 + 1ac?
1b1
In base 10, what is 11 - -19?
30
In base 4, what is -10 + 120?
110
In base 13, what is -64 + 0?
-64
In base 3, what is 2 + -212?
-210
In base 2, what is -10 - -10111?
10101
In base 12, what is 3 - 584?
-581
In base 9, what is -173 + -3?
-176
In base 3, what is -1101221 - 0?
-1101221
In base 15, what is -67 - 0?
-67
In base 13, what is 2 - -11b0?
11b2
In base 4, what is 3 + 12221?
12230
In base 5, what is 0 + -1410?
-1410
In base 3, what is -12120202 - 2?
-12120211
In base 7, what is 2 - -636?
641
In base 9, what is 4 - -128?
133
In base 8, what is -12 - 23?
-35
In base 9, what is 55 - 373?
-317
In base 13, what is 98 + 2?
9a
In base 8, what is -12 - -631?
617
In base 16, what is 12 + -68?
-56
In base 5, what is -1 - -24?
23
In base 6, what is -5 - -3150?
3141
In base 2, what is -111101110 - 10000?
-111111110
In base 15, what is 5 + -157?
-152
In base 3, what is 212012 - 202?
211110
In base 3, what is -2 + 11020202?
11020200
In base 4, what is -333 - 20?
-1013
In base 8, what is -3 - 2247?
-2252
In base 13, what is -33 - 4b?
-81
In base 9, what is 0 - -25?
25
In base 8, what is 110 - -5?
115
In base 7, what is -41 + 31?
-10
In base 14, what is -2 - -83c?
83a
In base 16, what is 1 - -ab?
ac
In base 12, what is -75 - -1?
-74
In base 11, what is 46 + 5?
50
In base 16, what is 23ec - 4?
23e8
In base 14, what is 82 + ba?
15c
In base 4, what is 30 - -33?
123
In base 10, what is -203 + -1?
-204
In base 2, what is -110010 + 1?
-110001
In base 11, what is 26 - -83?
a9
In base 15, what is -203 + -5?
-208
In base 16, what is 5 - 1a2?
-19d
In base 4, what is 103101 + -2?
103033
In base 9, what is -4 - 18?
-23
In base 11, what is 9 - 22?
-14
In base 9, what is 5061 + -8?
5052
In base 6, what is 51245 - -2?
51251
In base 8, what is 5 - -644?
651
In base 10, what is -2237 + 6?
-2231
In base 10, what is -7915 + 5?
-7910
In base 3, what is -1221 - 1121?
-10112
In base 3, what is -11 - 22102?
-22120
In base 10, what is 5852 + 1?
5853
In base 16, what is -2d + -3a?
-67
In base 11, what is -181 + 2?
-17a
In base 8, what is 241 - 4?
235
In base 4, what is -112 - 23?
-201
In base 8, what is 23 - 3?
20
In base 3, what is -1 - 211010?
-211011
In base 9, what is 2 + 64?
66
In base 10, what is -2 - 26?
-28
In base 14, what is -92 + -2a?
-bc
In base 6, what is 0 - -2024?
2024
In base 13, what is 4a2 - -1?
4a3
In base 12, what is -3 - 10?
-13
In base 5, what is -14030 + -14?
-14044
In base 15, what is -1 + -1ad?
-1ae
In base 2, what is 100 - 10101010?
-10100110
In base 2, what is 0 + 100010111110?
100010111110
In base 16, what is -5 + -16e?
-173
In base 3, what is 0 - -122?
122
In base 12, what is -3b - 135?
-174
In base 16, what is -bf - -5?
-ba
In base 2, what is 10111 + -1111000?
-1100001
In base 9, what is -23 + -4?
-27
In base 10, what is 66 - -4?
70
In base 10, what is 13 - 8?
5
In base 6, what is -443 + -2?
-445
In base 2, what is -1 - -100001101?
100001100
In base 15, what is -132 - 0?
-132
In base 13, what is 4 - cb?
-c7
In base 12, what is 0 - 1020?
-1020
In base 7, what is -4 + -3250?
-3254
In base 7, what is -23 + 1?
-22
In base 13, what is -4 + -35?
-39
In base 9, what is -1 - 2511?
-2512
In base 4, what is 3 + -222231?
-222222
In base 11, what is -5 + 11a7?
11a2
In base 2, what is 11 - 1011001?
-1010110
In base 7, what is 5 - -1161?
1166
In base 9, what is -205 - -1?
-204
In base 3, what is -12 - -10211?
10122
In base 4, what is -3 - -21333?
21330
In base 15, what is 7 - 6a1?
-699
In base 12, what is 1 + -17?
-16
In base 14, what is a - 1?
9
In base 2, what is -100001 - -1?
-100000
In base 13, what is -123 - 2?
-125
In base 16, what is 2 - 1b?
-19
In base 14, what is -58 - 83?
-db
In base 15, what is 788 - 0?
788
In base 8, what is 17 - -54?
73
In base 13, what is -1 + 11c?
11b
In base 13, what is -46 + 6?
-40
In base 2, what is 1110000 + -10101100?
-111100
In base 14, what is db + -8?
d3
In base 14, what is 212 - -12?
224
In base 13, what is -246 - a?
-253
In base 9, what is -37 + 0?
-37
In base 13, what is -cbb + -5?
-cc3
In base 12, what is -1a387 + -4?
-1a38b
In base 13, what is -4c + -9?
-58
In base 10, what is 1 - -250?
251
In base 7, what is -1 + 536?
535
In base 8, what is -4301 - 4?
-4305
In base 12, what is -1 - 143b?
-1440
In base 3, what is -1102 + -22?
-1201
In base 13, what is 7 - -555?
55c
In base 8, what is -1111 - 0?
-1111
In base 15, what is 10a + -2?
108
In base 2, what is -10 - -10111?
10101
In base 4, what is 1 + 3?
10
In base 13, what is -7c9 + 1?
-7c8
In base 15, what is 1ac4 + -3?
1ac1
In base 14, what is aa + -94?
16
In base 11, what is -1 + 128?
127
In base 9, what is -144 - 1?
-145
In base 14, what is 102 - -2?
104
In base 5, what is -3041 - -1?
-3040
In base 9, what is 1 - 48?
-47
In base 16, what is 8 + -30e?
-306
In base 3, what is 20 + 1011?
1101
In base 8, what is -2 + 55?
53
In base 10, what is -31 + 17?
-14
In base 11, what is 5 - -216?
220
In base 8, what is 11365 - 0?
11365
In base 14, what is 9d - 1b?
82
In base 14, what is ac + -11?
9b
In base 16, what is 2 + 682?
684
In base 8, what is -110 - 1?
-111
In base 8, what is -5 + -450?
-455
In base 2, what is 1100101 - 1111?
1010110
In base 2, what is 1000 + 1010101?
1011101
In base 12, what is -1 - -36?
35
In base 9, what is -52 + 14?
-37
In base 4, what is 233 + -2?
231
In base 4, what is -1020131 - 3?
-1020200
In base 13, what is 15b7 + 3?
15ba
In base 8, what is -4 - -104?
100
In base 2, what is 101101 + 1001?
110110
In base 5, what is 4023 - -104?
4132
In base 2, what is -111001011 - 10?
-111001101
In base 4, what is 103002 + 3?
103011
In base 8, what is -406 - 2?
-410
In base 13, what is 1 - 46?
-45
In base 12, what is a1 - -3?
a4
In base 14, what is -3 + -48?
-4b
In base 6, what is -2 - 14204?
-14210
In base 4, what is -1002 - -2?
-1000
In base 8, what is 2 - 35?
-33
In base 3, what is -210211 - -12?
-210122
In base 12, what is 4 - -4a?
52
In base 9, what is 63 + -4?
58
In base 11, what is 9 - -757?
765
In base 7, what is -10523 - 1?
-10524
In base 13, what is -23 - 4?
-27
In base 7, what is 0 + 1502?
1502
In base 9, what is 754 - -3?
757
In base 5, what is 400 - 4?
341
In base 13, what is -7 + -3a?
-44
In base 2, what is -1 + -1010000?
-1010001
In base 9, what is 4438 + 0?
4438
In base 8, what is -4 + 74?
70
In base 14, what is -d3 - -4?
-cd
In base 15, what is -2cba + 4?
-2cb6
In base 5, what is -2 - 34?
-41
In base 10, what is -7 + 92?
85
In base 9, what is 3 - -81?
84
In base 4, what is 123023 + 11?
123100
In base 4, what is 10 - 30312?
-30302
In base 6, what is 4 - 355?
-351
In base 13, what is -1 - -88a?
889
In base 9, what is 248 + -68?
170
In base 8, what is -10522 + 4?
-10516
In base 3, what is 111 - -101102?
101220
In base 3, what is -101201112 + 10?
-101201102
In base 15, what is 3 - 64?
-61
In base 11, what is 180 + 52?
222
In base 4, what is 10 - -11?
21
In base 7, what is 2 - 5?
-3
In base 10, what is 234 + 6?
240
In base 16, what is 5 - -24?
29
In base 8, what is 1744 + 15?
1761
In base 7, what is 22 + 22?
44
In base 10, what is -5 + 272?
267
In base 7, what is -4 - -536?
532
In base 14, what is 5 + -151?
-14a
In base 8, what is -33 + -122?
-155
In base 13, what is -184 + 81?
-103
In base 3, what is -111 - 111?
-222
In base 3, what is 10 + 1010?
1020
In base 12, what is -4 - -1?
-3
In base 11, what is -2 - 414?
-416
In base 11, what is 0 + -29a4?
-29a4
In base 16, what is 1a0 - -3?
1a3
In base 8, what is -5 - 13226?
-13233
In base 8, what is 1 + 371?
372
In base 16, what is 1f + -14?
b
In base 15, what is -8 - -1?
-7
In base 6, what is 441 + -1?
440
In base 11, what is 357 - 5?
352
In base 4, what is -1202 + 20?
-1122
In base 14, what is -3b - -a?
-31
In base 10, what is 1413 + -3?
1410
In base 9, what is 117 + -11?
106
In base 5, what is -4 - -141?
132
In base 4, what is -10223 + -32?
-10321
In base 13, what is 4 + -190?
-189
In base 2, what is 10100100 + -1010?
10011010
In base 4, what is -1301 + 11?
-1230
In base 10, what is 124 + -3?
121
In base 10, what is -3 - 75?
-78
In base 4, what is 10 - 20000?
-13330
In